{"id":324,"date":"2013-07-09T18:40:08","date_gmt":"2013-07-09T16:40:08","guid":{"rendered":"http:\/\/kindergarten-mellrichstadt.de\/?page_id=324"},"modified":"2013-07-09T18:49:53","modified_gmt":"2013-07-09T16:49:53","slug":"impressum","status":"publish","type":"page","link":"http:\/\/kindergarten-mellrichstadt.de\/?page_id=324","title":{"rendered":"Impressum"},"content":{"rendered":"<address><strong><span style=\"text-decoration: underline;\">Verantwortung<\/span><\/strong>:<\/address>\n<p>Kath. Kirchenstiftung St. Kilian<\/p>\n<p>Vorsitz: Pfarrer Thomas Menzel<\/p>\n<p>Bauerngasse 4<\/p>\n<p>97638 Mellrichstadt<\/p>\n<p>Tel. 09776 264<\/p>\n<p><strong><span style=\"text-decoration: underline;\">Leitung der Einrichtung:<\/span><\/strong><\/p>\n<p>Bettina Wukowojac<\/p>\n<p>Kath. Kindergarten St. Josef<\/p>\n<p>Schulgasse 8<\/p>\n<p>97638 Mellrichstadt<\/p>\n<p>Tel. 09776 5759<\/p>\n<p>Mail: post@kiga-mellrichstadt.de<\/p>\n<p><strong><span style=\"text-decoration: underline;\">Haftungshinweis<\/span><\/strong>: Trotz sorgf\u00e4ltiger inhaltlicher Kontrolle \u00fcbernehmen wir keine Haftung f\u00fcr die Inhalte externer Links. F\u00fcr den Inhalt der verlinkten Seiten sind ausschlie\u00dflich deren Betreiber verantwortlich. Die Links wurden vor der Verlinkung auf m\u00f6gliche Rechtsverletzungen gepr\u00fcft. Verst\u00f6\u00dfe waren nicht erkennbar. Sollte uns ein Versto\u00df bekannt werden, entfernen wir den Link unverz\u00fcglich.<\/p>\n<p>&nbsp;<\/p>\n","protected":false},"excerpt":{"rendered":"<p>Verantwortung: Kath. Kirchenstiftung St. Kilian Vorsitz: Pfarrer Thomas Menzel Bauerngasse 4 97638 Mellrichstadt Tel. 09776 264 Leitung der Einrichtung: Bettina Wukowojac Kath. Kindergarten St. Josef Schulgasse 8 97638 Mellrichstadt Tel. 09776 5759 Mail: post@kiga-mellrichstadt.de Haftungshinweis: Trotz sorgf\u00e4ltiger inhaltlicher Kontrolle \u00fcbernehmen &hellip; <a href=\"http:\/\/kindergarten-mellrichstadt.de\/?page_id=324\">Weiterlesen <span class=\"meta-nav\">&rarr;<\/span><\/a><\/p>\n","protected":false},"author":1,"featured_media":0,"parent":0,"menu_order":0,"comment_status":"closed","ping_status":"closed","template":"","meta":{"footnotes":""},"class_list":["post-324","page","type-page","status-publish","hentry"],"jetpack_sharing_enabled":true,"_links":{"self":[{"href":"http:\/\/kindergarten-mellrichstadt.de\/index.php?rest_route=\/wp\/v2\/pages\/324","targetHints":{"allow":["GET"]}}],"collection":[{"href":"http:\/\/kindergarten-mellrichstadt.de\/index.php?rest_route=\/wp\/v2\/pages"}],"about":[{"href":"http:\/\/kindergarten-mellrichstadt.de\/index.php?rest_route=\/wp\/v2\/types\/page"}],"author":[{"embeddable":true,"href":"http:\/\/kindergarten-mellrichstadt.de\/index.php?rest_route=\/wp\/v2\/users\/1"}],"replies":[{"embeddable":true,"href":"http:\/\/kindergarten-mellrichstadt.de\/index.php?rest_route=%2Fwp%2Fv2%2Fcomments&post=324"}],"version-history":[{"count":3,"href":"http:\/\/kindergarten-mellrichstadt.de\/index.php?rest_route=\/wp\/v2\/pages\/324\/revisions"}],"predecessor-version":[{"id":344,"href":"http:\/\/kindergarten-mellrichstadt.de\/index.php?rest_route=\/wp\/v2\/pages\/324\/revisions\/344"}],"wp:attachment":[{"href":"http:\/\/kindergarten-mellrichstadt.de\/index.php?rest_route=%2Fwp%2Fv2%2Fmedia&parent=324"}],"curies":[{"name":"wp","href":"https:\/\/api.w.org\/{rel}","templated":true}]}}