{"id":78,"date":"2013-05-06T16:48:52","date_gmt":"2013-05-06T14:48:52","guid":{"rendered":"http:\/\/kindergarten-mellrichstadt.de\/?page_id=78"},"modified":"2024-10-24T10:18:34","modified_gmt":"2024-10-24T08:18:34","slug":"offnungszeiten","status":"publish","type":"page","link":"http:\/\/kindergarten-mellrichstadt.de\/?page_id=78","title":{"rendered":"\u00d6ffnungszeiten"},"content":{"rendered":"<p><strong>Montag bis Donnerstag: 7.00 Uhr bis 16.30 Uhr<\/strong><\/p>\n<p><strong>Freitag: 7.00 Uhr bis 15.00\u00a0Uhr<\/strong><\/p>\n<p>Die Abholzeiten in der Kinderkrippe sind w\u00e4hrend ihren \u00d6ffnungszeiten \u00a0flexibel und mit dem Gruppenpersonal abzusprechen. Die Krippe ist t\u00e4glich bis 15.00 Uhr ge\u00f6ffnet. Ein Bedarf \u00fcber diese Uhrzeit hinaus kann \u00fcber den Kindergarten abgedeckt werden.<\/p>\n<p>F\u00fcr den Kindergarten gelten folgende Bring- und Abholzeiten:<\/p>\n<p><strong><span style=\"text-decoration: underline; color: #000000;\"><span style=\"text-decoration: underline;\">Bringzeiten<\/span><\/span>:\u00a0 t\u00e4glich von 7.00 Uhr bis 9.00 Uhr und von 13.00 Uhr bis 13.30 Uhr<\/strong><\/p>\n<p><strong><span style=\"text-decoration: underline;\">Abholzeiten:<\/span>\u00a0 t\u00e4glich von 11.30 Uhr bis 12.15 Uhr, von 13.00 Uhr bis 13.30 Uhr und ab 14.30 Uhr durchgehend bis 16.30 Uhr\/ Freitag von 11.30 Uhr durchgehend bis 15.00 Uhr.<\/strong><\/p>\n","protected":false},"excerpt":{"rendered":"<p>Montag bis Donnerstag: 7.00 Uhr bis 16.30 Uhr Freitag: 7.00 Uhr bis 15.00\u00a0Uhr Die Abholzeiten in der Kinderkrippe sind w\u00e4hrend ihren \u00d6ffnungszeiten \u00a0flexibel und mit dem Gruppenpersonal abzusprechen. Die Krippe ist t\u00e4glich bis 15.00 Uhr ge\u00f6ffnet. Ein Bedarf \u00fcber diese &hellip; <a href=\"http:\/\/kindergarten-mellrichstadt.de\/?page_id=78\">Weiterlesen <span class=\"meta-nav\">&rarr;<\/span><\/a><\/p>\n","protected":false},"author":1,"featured_media":0,"parent":0,"menu_order":0,"comment_status":"closed","ping_status":"closed","template":"","meta":{"footnotes":""},"class_list":["post-78","page","type-page","status-publish","hentry"],"jetpack_sharing_enabled":true,"_links":{"self":[{"href":"http:\/\/kindergarten-mellrichstadt.de\/index.php?rest_route=\/wp\/v2\/pages\/78","targetHints":{"allow":["GET"]}}],"collection":[{"href":"http:\/\/kindergarten-mellrichstadt.de\/index.php?rest_route=\/wp\/v2\/pages"}],"about":[{"href":"http:\/\/kindergarten-mellrichstadt.de\/index.php?rest_route=\/wp\/v2\/types\/page"}],"author":[{"embeddable":true,"href":"http:\/\/kindergarten-mellrichstadt.de\/index.php?rest_route=\/wp\/v2\/users\/1"}],"replies":[{"embeddable":true,"href":"http:\/\/kindergarten-mellrichstadt.de\/index.php?rest_route=%2Fwp%2Fv2%2Fcomments&post=78"}],"version-history":[{"count":10,"href":"http:\/\/kindergarten-mellrichstadt.de\/index.php?rest_route=\/wp\/v2\/pages\/78\/revisions"}],"predecessor-version":[{"id":3274,"href":"http:\/\/kindergarten-mellrichstadt.de\/index.php?rest_route=\/wp\/v2\/pages\/78\/revisions\/3274"}],"wp:attachment":[{"href":"http:\/\/kindergarten-mellrichstadt.de\/index.php?rest_route=%2Fwp%2Fv2%2Fmedia&parent=78"}],"curies":[{"name":"wp","href":"https:\/\/api.w.org\/{rel}","templated":true}]}}